rime factors of (f/6)/((-5)/260)?
2, 13
Let o = 0 - -24. List the prime factors of o.
2, 3
Let z = -3 + -1. Let t be z + 1 - -1 - -2. Suppose -5*w + 5*v + 20 = t, w + 5 = 4*w + 4*v. What are the prime factors of w?
3
Suppose 2*p = -0*p, -4*a + 2*p = 316. Let w = a - -47. Let t = -22 - w. List the prime factors of t.
2, 5
Let h(j) = -9*j + 6. Let c = 5 + -10. Let z be h(c). Let q = -33 + z. List the prime factors of q.
2, 3
Suppose 0 = -5*d + 3*h + 675, -6*d + 675 = -d - 2*h. List the prime factors of d.
3, 5
Let q(w) = 4*w + 2. Let h be q(-4). Let x = h - -21. What are the prime factors of x?
7
Let w be (0 + 0)/(-6 - -4). Suppose y - 6*y = w. Suppose -3*a = -y*b + 2*b - 21, a = b + 7. List the prime factors of a.
7
What are the prime factors of (-4)/14 + 896/49?
2, 3
Let x(h) = -h**2 + 4*h + 12. What are the prime factors of x(5)?
7
Let u = -204 + 126. Let t = u + 128. What are the prime factors of t?
2, 5
Let n(v) = v**3 - 4*v**2 + v - 1. Let s be n(4). Suppose -3*t + 30 = 3*k, 2*k + 14 = 3*k - s*t. What are the prime factors of k?
11
Let h = -2 - 1. Let z(u) = -3*u - 5. What are the prime factors of z(h)?
2
Let y(n) = n**3 - 4*n**2 - 4*n - 1. Let o be y(6). Let a = -7 - -55. Suppose 4*u + 2*w - a = 0, -2*w = -5*u + 2*w + o. What are the prime factors of u?
11
Suppose 20 = 3*d + 5. Suppose d*c + 2 = 27. Let j(p) = p**2 - 3*p - 7. List the prime factors of j(c).
3
Let h(x) = x**3 + 9*x**2 - 8*x + 12. Let b be h(-9). Suppose b = -4*v + 8*v. List the prime factors of v.
3, 7
Let m(x) = -2 - 4*x + 4 - 5 - 1. What are the prime factors of m(-4)?
2, 3
Let t = -21 + 14. Let c be (-33)/t - 4/(-14). Suppose 15 = k + c. List the prime factors of k.
2, 5
Let u = -18 + 103. What are the prime factors of u?
5, 17
Let k = 17 - -14. Let f = -21 + k. What are the prime factors of f?
2, 5
Let s = 1082 + -671. List the prime factors of s.
3, 137
Let b(h) = h**3 - 2*h**2 - 3*h - 1. Let c be b(3). Let y be (c/3)/(8/(-72)). Suppose 3*g = -y*f + 5*f + 65, 2*g - 3*f = 50. What are the prime factors of g?
19
Let z be (-424)/(-36) - 2/(-9). Suppose -z = -4*p + 5*h + 2, 0 = 5*h - 10. List the prime factors of p.
2, 3
Let q = -12 - 1. Let y = q - -26. List the prime factors of y.
13
Let f(t) = t**2 + 5*t + 19. List the prime factors of f(4).
5, 11
Let z = 6 - 2. Suppose 5*v - z*t = 142 - 7, 0 = -v + 5*t + 27. Suppose -5*d + a + v = 0, -4*d + 15 = -3*a - 0*a. List the prime factors of d.
2, 3
Suppose -2*l = 3*f + 3*l - 325, 333 = 3*f - 3*l. List the prime factors of f.
2, 5, 11
List the prime factors of ((-52)/(-1))/(6/3).
2, 13
Suppose 954 = 12*f - 558. What are the prime factors of f?
2, 3, 7
Let p = 40 + -7. List the prime factors of p.
3, 11
List the prime factors of (-8 + -7)*4/(-5).
2, 3
Let k(w) = 7*w**2 - 3*w + 2. List the prime factors of k(-6).
2, 17
Let q = -1 + -1. Let c = 5 + q. List the prime factors of (5 + 1)*5/c.
2, 5
Let v(x) be the first derivative of -13*x**2/2 - x + 2. Let p be v(-1). Suppose 0 = -3*z + p. List the prime factors of z.
2
Suppose 8 = 4*g - 4. Let n be 13*(g + -1*2). Suppose 27 + n = 4*u. What are the prime factors of u?
2, 5
Suppose -2*h - 3*h + 24 = -u, -5*h = -3*u - 22. Suppose 0 = -5*p - 5, -153 = -h*z - p - 29. What are the prime factors of z?
5
Suppose s + s - 8 = 0. What are the prime factors of s?
2
Let d(v) = v**2 - 13*v - 4. What are the prime factors of d(14)?
2, 5
Let s be ((-66)/11)/((-2)/3). Let d(j) = j + 7. List the prime factors of d(s).
2
Let p(h) be the second derivative of h**3 + 2*h**2 + 3*h. Let q(s) = -3*s - 2. Let g(k) = 4*p(k) + 9*q(k). List the prime factors of g(-2).
2
Suppose -k = -2*c - 9, -2*k + 1 = 4*c - 1. What are the prime factors of c/5 - 47/(-5)?
3
Suppose -4*z = p - 91, 3*p + 0*z - 262 = -z. List the prime factors of p.
3, 29
Let f(k) = k**2 - k. Let g(p) = -p**3 - 5*p**2 - 3*p + 11. Let r(j) = 2*f(j) - g(j). List the prime factors of r(-5).
2, 17
Let d(z) = 6*z - 2. Suppose 2*p - 3*h - 19 = 4*p, 0 = 4*p + h + 13. Let n be 0 - (p - -1) - -1. List the prime factors of d(n).
2, 5
Suppose 5*y = -2*l + 240, y + 8*l - 3*l - 48 = 0. What are the prime factors of y?
2, 3
Let q(d) = -d. Let x(l) = -7*l**3 + l**2 + 5*l - 1. Let n(f) = -4*q(f) - x(f). Let t be n(1). List the prime factors of (-156)/(-8) - (-3)/t.
2, 5
Suppose -5*i - 20 = -2*q, 0*i - 2*q = -3*i - 8. List the prime factors of (18/(-8))/(i/24).
3
Suppose -286 = -5*m + 4*i, 0*i - 173 = -3*m + i. What are the prime factors of m?
2, 29
Suppose -2*l - 12 = 2*l, 2*z - 47 = l. What are the prime factors of z?
2, 11
Let t = -24 + 46. What are the prime factors of t?
2, 11
Let f(z) = -z**3 - 5*z**2 - z + 3. Let q be f(-4). Let i be (-12)/54 + (-2)/q. Suppose -5*c - 59 = -3*g, -5*c - 10 - 10 = i. List the prime factors of g.
13
Let s = -3 + 7. List the prime factors of (-2)/s*(2 - 24).
11
Suppose -3*y = -2*r + 13, 0*r - y - 13 = -5*r. Suppose 0*i + 10 = r*i. What are the prime factors of i?
5
What are the prime factors of 6*7*2 - 0?
2, 3, 7
Let o = -37 - -61. List the prime factors of o.
2, 3
Suppose -t + 1 = -0. Let w(c) = 2*c**3 + c**2 - 1. Let k be w(t). Suppose -q + k*d + 2 + 15 = 0, 0 = -5*q + d + 49. List the prime factors of q.
3
Suppose 4*g = 7*g + 6. Let y = -5 + 11. Let w = y - g. What are the prime factors of w?
2
Let m = -13 + 17. Suppose -3*p + 4*x = -132, -108 = -6*p + 3*p - m*x. List the prime factors of p.
2, 5
Suppose 2*c + 105 = 7*c. List the prime factors of c.
3, 7
Suppose 5*d - 269 = 2*v, 4*v - 92 - 165 = -5*d. List the prime factors of d.
53
Suppose -4*y + 10 + 2 = 0. Suppose 4*c + 6*w - 28 = 5*w, 2 = y*c - 4*w. Suppose 0 = -p + 3*u + 4, -p + u + 0 = -c. List the prime factors of p.
7
What are the prime factors of (-1542)/(-4) - (-57)/38?
3, 43
Let p(f) = -10*f + 24. Let k(c) be the third derivative of 7*c**4/24 - 8*c**3/3 + c**2. Let w(j) = 7*k(j) + 5*p(j). List the prime factors of w(0).
2
Suppose -3*t - 5*u + 714 = 0, -5*u + 4*u + 483 = 2*t. List the prime factors of t.
3
Suppose 6*h = 171 + 117. What are the prime factors of h?
2, 3
List the prime factors of (20/(-25))/(1/(-50)).
2, 5
Suppose -3*c + 341 = 131. What are the prime factors of c?
2, 5, 7
Suppose 26 = t - 3. List the prime factors of t.
29
Suppose -3*a = 4*x - 200, -5*a - 4*x = x - 340. Suppose -c + 5*q + 12 = 0, 4*c = -2*q - 2*q + a. List the prime factors of c.
17
Let w(p) be the first derivative of 10*p**3/3 - p**2 + p + 2. List the prime factors of w(1).
3
Let k = 15 - 23. List the prime factors of k/12 - 100/(-6).
2
Let b(r) = -r**3 + 6*r**2 - 3*r - 5. Let i be b(5). Suppose 2*o = -3*f - 0*f + 12, 0 = -i*f + 2*o + 4. List the prime factors of f.
2
Let o(h) = 4 + 0 + h**3 + 5*h**2 - 2*h**2. Let u = 13 + -16. What are the prime factors of o(u)?
2
Let u(w) = w**2 + 2*w + 1. Let c(n) = -2*n**3 - 2*n**2 + n. Let f be c(1). What are the prime factors of u(f)?
2
Let y = 67 - -43. Suppose 5*i - p - 110 = 2*p, -2*p = 5*i - y. List the prime factors of 1*i*2/4.
11
Let v be 11 - ((-3 - -6) + -3). Let g = v + -3. List the prime factors of g.
2
Suppose 5*j - 135 = -0*j. What are the prime factors of j?
3
What are the prime factors of 6/1*-71*(-72)/144?
3, 71
Suppose -u - 6 = -4*u. Suppose 2*l = -l - 12, u*p - 2 = -2*l. What are the prime factors of p?
5
Suppose -4*w = -4, -d - 2*w = 3*d - 1346. List the prime factors of d.
2, 3, 7
Suppose 5*t - i = 2, 3*t - 4*i + 10 = t. Suppose -t = 4*a - 21. What are the prime factors of a?
5
What are the prime factors of (-10 + -92)*(-2)/6?
2, 17
Suppose 31 - 1 = 5*w. What are the prime factors of w?
2, 3
Let g = -37 - -56. Suppose -68 - g = -3*h. What are the prime factors of h?
29
Let h = 103 + -63. What are the prime factors of h?
2, 5
Let m be -2 - 2*(5 - 2). Let p = -36 - -62. Let c = m + p. List the prime factors of c.
2, 3
Let v be 9/(-4) + 1/4. What are the prime factors of (31 + 4)*(-2)/v?
5, 7
Suppose -3*y + 0*y + 12 = 0. Let i(v) = -v**2 + v + 4. Let x be i(y). Let b = -3 - x. What are the prime factors of b?
5
Let s be 3 + -2 + 0 + -165. Let w = -84 - s. Suppose 4*t + t = w. List the prime factors of t.
2
Let l = 20 + -2. What are the prime factors of l?
2, 3
Let l(d) be the third derivative of d**4/4 - d**3/6 + 2*d**2. List the prime factors of l(1).
5
Suppose -2*b - 12 = -36. Suppose -b + 1 = -d. What are the prime fact